Let t(q) = 16*q + 122. Calculate t(-12).
-70
Let j(n) = 51*n**3 - 4*n**2 + 18*n + 51. Determine j(-2).
-409
Let l(s) = 5*s**2 + 55*s + 43. What is l(-9)?
-47
Let w(k) = -k**2 + 16*k - 24. Give w(3).
15
Let f(b) = -6*b + 165. Calculate f(27).
3
Let b(k) = 3*k**3 + 44*k**2 + 100*k + 1725. Calculate b(-15).
0
Let p(j) = 274*j + 8765. What is p(-32)?
-3
Let g(i) = 6*i**2 + 12*i - 65. Give g(5).
145
Let y(i) = 2*i**3 - 43*i**2 - 121*i + 30. Give y(24).
6
Let o(t) = 2*t**3 - 7*t**2 - 2*t + 10. Calculate o(-4).
-222
Let o(r) = -r**2 + 183*r + 30632. Determine o(289).
-2
Let l(g) = -2*g**3 + 12*g**2 + 14*g + 11. Give l(8).
-133
Let l(p) = 15392*p - 184707. What is l(12)?
-3
Let d(r) = 22*r**2 + 4*r + 8. Calculate d(-2).
88
Let l(t) = t**3 - 15*t**2 - t + 53. Determine l(15).
38
Let g(j) = 4*j**2 - 53*j + 12. Determine g(13).
-1
Let x(v) = 5*v**3 - 1282*v**2 + 515*v - 774. Give x(256).
-6
Let i(o) = 31*o + 2379. Calculate i(-76).
23
Let d(k) = -k**3 - 51*k**2 + 44*k + 239. Give d(-52).
655
Let j(w) = -8*w**3 - 2*w**2 - 121*w - 121. Calculate j(-1).
6
Let w(x) = -x**3 - 10*x**2 - 13*x + 25. Determine w(0).
25
Let o(s) = 888*s - 907. What is o(1)?
-19
Let h(q) = q**3 + 2*q**2 - 80*q - 428. Calculate h(-6).
-92
Let c(t) = -405*t + 49809. Give c(123).
-6
Let l(n) = -n**3 + 77*n**2 + 166*n - 628. Give l(79).
4
Let p(q) = 2*q**2 + 44*q - 20. Calculate p(-23).
26
Let q(j) = j**3 + 49*j**2 - 161*j - 256. Calculate q(-52).
4
Let p(i) = i**3 - 27*i**2 - 20*i - 246. Give p(28).
-22
Let y(w) = 74*w**2 + 287*w - 41. Calculate y(-4).
-5
Let c(h) = h**3 + 101*h**2 + 202*h + 384. Give c(-99).
-12
Let w(s) = -79*s - 6411. Give w(-82).
67
Let z(v) = -v**3 + 18*v**2 - 34*v + 7. Give z(2).
3
Let q(v) = -v**3 - 112*v**2 + 349*v + 420. Calculate q(-115).
-40
Let q(n) = -168*n + 2516. Determine q(15).
-4
Let q(r) = r**2 + 30*r + 239. Determine q(-12).
23
Let z(x) = 4*x**2 - 842*x - 11626. What is z(-13)?
-4
Let g(r) = -r**3 - 9*r**2 + 5*r - 66. Determine g(-10).
-16
Let p(b) = -2*b**3 - 126*b**2 - 127*b - 207. Calculate p(-62).
-21
Let a(u) = 7*u**2 - 143*u + 80. Give a(20).
20
Let s(w) = 5*w**3 - 9*w**2 - 9*w + 10. What is s(3)?
37
Let q(z) = -5*z**2 + 97*z - 31. What is q(19)?
7
Let q(y) = y**2 - 82*y + 818. Determine q(70).
-22
Let t(v) = v**2 + 31*v + 252. What is t(-22)?
54
Let x(z) = 551*z + 12146. Determine x(-22).
24
Let t(g) = -17*g**2 - 27*g + 9. Determine t(-2).
-5
Let i(z) = -z**2 + 103*z + 1701. Give i(-14).
63
Let m(d) = 92*d + 1670. Give m(-6).
1118
Let c(d) = -d**3 + 2*d**2 + 56*d - 161. Give c(7).
-14
Let j(o) = -51*o - 1376. Give j(-27).
1
Let k(b) = 2*b**2 + 171*b - 46. Give k(-84).
-298
Let z(c) = 16*c + 192. Give z(0).
192
Let r(i) = -11*i + 277. Give r(26).
-9
Let p(b) = 3*b**2 + 14*b + 37. Determine p(-7).
86
Let o(x) = -339*x - 2373. Determine o(-7).
0
Let w(x) = 4*x**2 + 159*x - 1259. Give w(7).
50
Let y(t) = t**2 + 47*t + 19. Determine y(-43).
-153
Let q(v) = -v**2 - 93*v - 410. Determine q(-5).
30
Let k(l) = -255*l + 1270. What is k(5)?
-5
Let y(d) = d**3 + 6*d**2 - 6*d - 47. What is y(-4)?
9
Let i(x) = 10*x - 224. What is i(8)?
-144
Let q(b) = b**2 + 2*b + 37. What is q(-16)?
261
Let m(j) = -4209*j + 29451. Determine m(7).
-12
Let a(k) = 19*k**2 - 94*k - 35. Calculate a(5).
-30
Let j(h) = h**2 - 493*h + 1937. Calculate j(4).
-19
Let v(u) = -66*u - 7024. Calculate v(-101).
-358
Let s(i) = -3*i**3 - 69*i**2 + 3*i + 51. Calculate s(-23).
-18
Let d(v) = -17*v**2 + 170*v - 149. Determine d(9).
4
Let k(c) = -2*c**2 - 90*c - 415. What is k(-5)?
-15
Let b(i) = -i**3 + 111*i**2 - 86*i - 2574. Calculate b(110).
66
Let z(m) = m**3 - 57*m**2 + 599*m + 116. What is z(43)?
-13
Let u(p) = 23*p**3 + 5*p**2 + 28*p + 47. Determine u(-3).
-613
Let g(q) = -q**2 - 790*q - 3922. Determine g(-5).
3
Let s(q) = -q**3 - 22*q**2 + 9*q + 145. Determine s(-22).
-53
Let h(f) = -5*f**3 + 7*f**2 - 7. What is h(3)?
-79
Let i(r) = -20*r**3 + r**2 + r + 1. Determine i(-1).
21
Let s(a) = 7*a - 361. What is s(53)?
10
Let d(t) = -24*t**3 - 2*t**2 + 5*t + 7. Calculate d(-2).
181
Let i(f) = f**2 - 61*f - 12636. What is i(-86)?
6
Let t(r) = 2*r**3 - 47*r**2 - 26*r + 3. What is t(24)?
-45
Let d(v) = -v**2 - 114*v + 1215. Calculate d(10).
-25
Let d(j) = -j**2 + 202*j + 2786. Determine d(215).
-9
Let q(i) = -493*i + 15286. Calculate q(31).
3
Let x(w) = -6*w**2 + 5*w + 6. Determine x(3).
-33
Let l(b) = b**3 - 23*b**2 + 26*b + 56. What is l(23)?
654
Let c(q) = -q**3 + 16*q**2 - 21*q - 78. Calculate c(14).
20
Let k(l) = -35*l - 294. Give k(-9).
21
Let y(j) = -j**3 + 7*j**2 - 14*j + 13. Calculate y(6).
-35
Let o(a) = -a**3 + 14*a**2 - 19*a + 61. Calculate o(12).
121
Let u(i) = 953*i**2 + 1910*i + 11. Calculate u(-2).
3
Let i(y) = 5*y**2 + 219*y - 88. Give i(-45).
182
Let w(q) = q**3 - 112*q**2 + 436*q - 430. What is w(108)?
2
Let f(i) = -111*i**3 + 7*i**2 + 10*i + 4. Determine f(-1).
112
Let y(g) = 1012*g + 5103. Calculate y(-5).
43
Let a(h) = h**3 - 179*h**2 - 3*h + 554. What is a(179)?
17
Let u(y) = y**3 - 16*y**2 - 512*y - 20. Give u(-16).
-20
Let w(d) = -2*d**3 + 36*d**2 - 190*d + 1512. Calculate w(15).
12
Let k(s) = 2*s**3 - 20*s**2 - 53*s + 534. What is k(10)?
4
Let h(q) = 76*q + 258. Calculate h(-8).
-350
Let w(g) = g**2 + 301*g + 6653. Calculate w(-277).
5
Let t(v) = v**3 - 5*v**2 - 50*v - 33. Give t(10).
-33
Let q(y) = -26*y + 131. Determine q(-9).
365
Let x(y) = -y**2 - 114*y - 1806. What is x(-19)?
-1
Let h(u) = -4*u**3 - 3*u**2 - 4*u + 20. What is h(3)?
-127
Let d(z) = z**2 + 19*z - 982. Give d(23).
-16
Let n(h) = -h**2 - 75*h + 882. What is n(15)?
-468
Let i(g) = -28*g**2 + 3*g + 3. What is i(3)?
-240
Let v(g) = 956*g + 77440. Determine v(-81).
4
Let r(u) = 153*u - 194. Calculate r(1).
-41
Let d(i) = i**3 + 42*i**2 - 393*i - 19. What is d(8)?
37
Let a(y) = y**2 - 30*y - 1111. Calculate a(-21).
-40
Let z(n) = -98*n + 2389. Give z(24).
37
Let j(i) = 14*i**2 + 839*i - 66. Determine j(-60).
-6
Let d(r) = r**2 - 12*r - 337. Give d(-14).
27
Let b(c) = -4*c**2 + 159*c - 811. What is b(5)?
-116
Let q(x) = -x**3 - 24*x**2 + x - 62. Give q(-24).
-86
Let c(o) = 45*o**2 - 52*o + 10. Give c(1).
3
Let s(u) = u**2 - 12*u + 95. Determine s(8).
63
Let w(m) = -m**3 - 13*m**2 + 3*m + 187. Determine w(-12).
7
Let w(u) = 16*u + 821. Calculate w(-52).
-11
Let m(v) = 241*v - 1223. Determine m(5).
-18
Let x(v) = 11*v**3 + v**2 - 34*v + 6. Give x(-4).
-546
Let v(r) = -223*r + 390. Determine v(2).
-56
Let f(n) = -2147*n - 25773. Give f(-12).
-9
Let t(d) = d**3 + 42*d**2 + 85*d + 5. Give t(-40).
-195
Let f(u) = u**3 - 13*u**2 + 21*u - 118. Determine f(12).
-10
Let g(h) = h**3 - 9*h**2 + 2*h + 83. Calculate g(7).
-1
Let x(l) = 3*l + 66. Calculate x(-31).
-27
Let q(g) = 2*g**2 - 45*g - 324. What is q(28)?
-16
Let z(s) = -2*s + 165. What is z(37)?
91
Let i(t) = -175*t - 774. Calculate i(-5).
101
Let o(i) = i**2 + 59*i + 96. What is o(-16)?
-592
Let w(g) = -g**3 + 55*g**2 - 262*g + 594. What is w(50)?
-6
Let v(x) = -x**3 + 11*x**2 + 7*x - 9. Give v(5).
176
Let s(x) = -x**3 + 111*x**2 - 96*x - 1559. Calculate s(110).
-19
Let d(r) = 13*r**2 + 1486*r - 1487. Determine d(1).
12
Let j(y) = -353*y - 601. Determine j(-2).
105
Let u(v) = v**2 + 182*v + 2350. What is u(-168)?
-2
Let n(m) = m**2 - 24. What is n(-5)?
1
Let r(s) = 318*s - 2548. Give r(8).
-4
Let f(c) = 60*c - 1329. Calculate f(22).
-9
Let n(z) = 7*z + 65. Give n(-8).
9
Let s(u) = -43*u - 36. Determine s(0).
-36
Let m(b) = -b**2 + 7*b + 191. Give m(-11).
-7
Let v(l) = -9*l - 582. Give v(0).
-582
Let i(q) = q**3 + 2*q**2 - 6*q - 12. What is i(-2)?
0
Let l(u) = u**2 + 17*u - 80. Determine l(0).
-80
Let p(x) = -2*x**3 + 8*x**2 + 19*x. What is p(6)?
-30
Let y(b) = 2*b**2 + 112*b - 159. Calculate y(-58).
73
Let y(c) = -72*c - 499. Calculate y(-7).
5
Let w(y) = y**3 - 18*y**2 + 69*y - 9. Determine w(13).
43
Let j(b) = -348*b - 489. Determine j(-2).
207
Let m(d) = d**3 + 46*d**2 + 211*d + 27. What is m(-5)?
-3
Let m(k) = -k**3 - 14*k**2 + 14*k - 72. Give m(-15).
-57
Let w(o) = -9*o + 57. Calculate w(3).
30
Let g(j) = 1651*j + 18195. Calculate g(-11).
34
Let a(x) = 1217*x - 29205. Determine a(24).
3
Let c(r) = r**3 - 23*r**2 + 59*r + 8. What is c(3)?
5
Let l(s) = -13*s**2 + 252*s + 25. Determine l(19).
120
Let y(x) = x**3 + 63*x**2 + 175*x + 3292. What is y(-61